{"id":1283,"date":"2026-04-05T13:11:18","date_gmt":"2026-04-05T16:11:18","guid":{"rendered":"https:\/\/diariodequeimados.com.br\/?page_id=1283"},"modified":"2026-04-05T13:11:19","modified_gmt":"2026-04-05T16:11:19","slug":"quatro-finais-de-placa-tem-vencimento-da-terceira-parcela-essa-semana","status":"publish","type":"page","link":"https:\/\/diariodequeimados.com.br\/?page_id=1283","title":{"rendered":"Quatro finais de placa t\u00eam vencimento da terceira parcela essa semana"},"content":{"rendered":"\n<p>Quatro finais de placa t\u00eam vencimento da terceira parcela do Imposto sobre a Propriedade de Ve\u00edculos Automotores (IPVA) de 2026 nesta semana. <\/p>\n\n\n\n<p>O per\u00edodo, que encerra a \u00faltima fase do calend\u00e1rio de pagamentos do tributo, contempla placas terminadas em 6, 7, 8 e 9.Para quitar o imposto, \u00e9 preciso emitir o Documento de Arrecada\u00e7\u00e3o do Rio de Janeiro (DARJ) exclusivamente no hotsite do IPVA da Secretaria de Estado de Fazenda (https:\/\/ipva2026.fazenda.rj.gov.br\/). <\/p>\n\n\n\n<p>O contribuinte deve clicar em \u201cEmiss\u00e3o DARJ IPVA\u201d e informar o n\u00famero do Registro Nacional de Ve\u00edculos Automotores (Renavam). A recomenda\u00e7\u00e3o \u00e9 digitar o endere\u00e7o diretamente no navegador, evitando sites de busca que podem direcionar a endere\u00e7os criados por golpistas.Recentemente, a Sefaz liberou a quita\u00e7\u00e3o do IPVA via cart\u00e3o de cr\u00e9dito, em parceria com empresas credenciadas. <\/p>\n\n\n\n<p>Para utilizar a modalidade, o contribuinte deve acessar a Central de Servi\u00e7os da Receita Estadual, no Portal da Fazenda (atendimentodigitalrj.fazenda.rj.gov.br), e fazer login com a conta Gov.br ou certificado digital. Em seguida, ele vai buscar o servi\u00e7o \u201cPagamento de IPVA via Cart\u00e3o de Cr\u00e9dito\u201d e clicar em \u201cAcessar servi\u00e7o\u201d. Depois, basta informar o Renavam vinculado ao CPF da conta usada na autentica\u00e7\u00e3o, selecionar os d\u00e9bitos a serem quitados e autorizar o redirecionamento para o portal da empresa credenciada que realizar\u00e1 a transa\u00e7\u00e3o. <\/p>\n\n\n\n<p>Por fim, \u00e9 s\u00f3 preencher os dados solicitados e escolher a quantidade de parcelas.Al\u00e9m do cart\u00e3o de cr\u00e9dito, a Fazenda aceita pagamentos por meio do QRCode do Pix e pelo tradicional c\u00f3digo de barras, em bancos parceiros da Fazenda estadual (Bradesco, Ita\u00fa, Santander e SICOOB). Vale alertar que, ao fazer a quita\u00e7\u00e3o via Pix, \u00e9 importante conferir se consta o CNPJ 42.498.675\/0001-52 e o favorecido \u201cSEFAZ RJ &#8211; SECRETARIA DE ESTADO DE FAZENDA DO RJ\u201d na tela do aplicativo do seu banco. <\/p>\n\n\n\n<p>O valor do imposto \u00e9 calculado por meio da aplica\u00e7\u00e3o das al\u00edquotas estabelecidas em lei (4% para carros flex, 2% para motos, 1,5% para carros movidos a GNV e 0,5% para ve\u00edculos movidos exclusivamente a energia el\u00e9trica) sobre os valores venais (pre\u00e7os de mercado) dos ve\u00edculos, calculados pela Funda\u00e7\u00e3o Instituto de Pesquisas Econ\u00f4micas (Fipe).<\/p>\n\n\n\n<figure class=\"wp-block-image size-large\"><img loading=\"lazy\" decoding=\"async\" width=\"727\" height=\"1024\" src=\"https:\/\/diariodequeimados.com.br\/wp-content\/uploads\/2026\/04\/1000511582-727x1024.jpg\" alt=\"\" class=\"wp-image-1284\" srcset=\"https:\/\/diariodequeimados.com.br\/wp-content\/uploads\/2026\/04\/1000511582-727x1024.jpg 727w, https:\/\/diariodequeimados.com.br\/wp-content\/uploads\/2026\/04\/1000511582-213x300.jpg 213w, https:\/\/diariodequeimados.com.br\/wp-content\/uploads\/2026\/04\/1000511582-768x1081.jpg 768w, https:\/\/diariodequeimados.com.br\/wp-content\/uploads\/2026\/04\/1000511582.jpg 934w\" sizes=\"auto, (max-width: 727px) 100vw, 727px\" \/><\/figure>\n","protected":false},"excerpt":{"rendered":"<p>&hellip; <\/p>\n","protected":false},"author":1,"featured_media":1285,"parent":0,"menu_order":0,"comment_status":"closed","ping_status":"closed","template":"","meta":{"footnotes":""},"class_list":["post-1283","page","type-page","status-publish","has-post-thumbnail","hentry"],"yoast_head":"<!-- This site is optimized with the Yoast SEO plugin v27.4 - https:\/\/yoast.com\/product\/yoast-seo-wordpress\/ -->\n<title>Quatro finais de placa t\u00eam vencimento da terceira parcela essa semana - Di\u00e1rio de Queimados<\/title>\n<meta name=\"robots\" content=\"index, follow, max-snippet:-1, max-image-preview:large, max-video-preview:-1\" \/>\n<link rel=\"canonical\" href=\"https:\/\/diariodequeimados.com.br\/?page_id=1283\" \/>\n<meta property=\"og:locale\" content=\"pt_BR\" \/>\n<meta property=\"og:type\" content=\"article\" \/>\n<meta property=\"og:title\" content=\"Quatro finais de placa t\u00eam vencimento da terceira parcela essa semana - Di\u00e1rio de Queimados\" \/>\n<meta property=\"og:description\" content=\"&hellip;\" \/>\n<meta property=\"og:url\" content=\"https:\/\/diariodequeimados.com.br\/?page_id=1283\" \/>\n<meta property=\"og:site_name\" content=\"Di\u00e1rio de Queimados\" \/>\n<meta property=\"article:publisher\" content=\"https:\/\/www.facebook.com\/diariodequeimados\" \/>\n<meta property=\"article:modified_time\" content=\"2026-04-05T16:11:19+00:00\" \/>\n<meta property=\"og:image\" content=\"https:\/\/diariodequeimados.com.br\/wp-content\/uploads\/2026\/04\/image_search_1775405437286.jpg\" \/>\n\t<meta property=\"og:image:width\" content=\"924\" \/>\n\t<meta property=\"og:image:height\" content=\"616\" \/>\n\t<meta property=\"og:image:type\" content=\"image\/jpeg\" \/>\n<meta name=\"twitter:card\" content=\"summary_large_image\" \/>\n<meta name=\"twitter:label1\" content=\"Est. tempo de leitura\" \/>\n\t<meta name=\"twitter:data1\" content=\"3 minutos\" \/>\n<script type=\"application\/ld+json\" class=\"yoast-schema-graph\">{\"@context\":\"https:\\\/\\\/schema.org\",\"@graph\":[{\"@type\":\"WebPage\",\"@id\":\"https:\\\/\\\/diariodequeimados.com.br\\\/?page_id=1283\",\"url\":\"https:\\\/\\\/diariodequeimados.com.br\\\/?page_id=1283\",\"name\":\"Quatro finais de placa t\u00eam vencimento da terceira parcela essa semana - Di\u00e1rio de Queimados\",\"isPartOf\":{\"@id\":\"https:\\\/\\\/diariodequeimados.com.br\\\/#website\"},\"primaryImageOfPage\":{\"@id\":\"https:\\\/\\\/diariodequeimados.com.br\\\/?page_id=1283#primaryimage\"},\"image\":{\"@id\":\"https:\\\/\\\/diariodequeimados.com.br\\\/?page_id=1283#primaryimage\"},\"thumbnailUrl\":\"https:\\\/\\\/diariodequeimados.com.br\\\/wp-content\\\/uploads\\\/2026\\\/04\\\/image_search_1775405437286.jpg\",\"datePublished\":\"2026-04-05T16:11:18+00:00\",\"dateModified\":\"2026-04-05T16:11:19+00:00\",\"breadcrumb\":{\"@id\":\"https:\\\/\\\/diariodequeimados.com.br\\\/?page_id=1283#breadcrumb\"},\"inLanguage\":\"pt-BR\",\"potentialAction\":[{\"@type\":\"ReadAction\",\"target\":[\"https:\\\/\\\/diariodequeimados.com.br\\\/?page_id=1283\"]}]},{\"@type\":\"ImageObject\",\"inLanguage\":\"pt-BR\",\"@id\":\"https:\\\/\\\/diariodequeimados.com.br\\\/?page_id=1283#primaryimage\",\"url\":\"https:\\\/\\\/diariodequeimados.com.br\\\/wp-content\\\/uploads\\\/2026\\\/04\\\/image_search_1775405437286.jpg\",\"contentUrl\":\"https:\\\/\\\/diariodequeimados.com.br\\\/wp-content\\\/uploads\\\/2026\\\/04\\\/image_search_1775405437286.jpg\",\"width\":924,\"height\":616},{\"@type\":\"BreadcrumbList\",\"@id\":\"https:\\\/\\\/diariodequeimados.com.br\\\/?page_id=1283#breadcrumb\",\"itemListElement\":[{\"@type\":\"ListItem\",\"position\":1,\"name\":\"In\u00edcio\",\"item\":\"https:\\\/\\\/diariodequeimados.com.br\\\/\"},{\"@type\":\"ListItem\",\"position\":2,\"name\":\"Quatro finais de placa t\u00eam vencimento da terceira parcela essa semana\"}]},{\"@type\":\"WebSite\",\"@id\":\"https:\\\/\\\/diariodequeimados.com.br\\\/#website\",\"url\":\"https:\\\/\\\/diariodequeimados.com.br\\\/\",\"name\":\"Di\u00e1rio de Queimados\",\"description\":\"Di\u00e1rio de Queimados Nas Redes Sociais\",\"publisher\":{\"@id\":\"https:\\\/\\\/diariodequeimados.com.br\\\/#organization\"},\"potentialAction\":[{\"@type\":\"SearchAction\",\"target\":{\"@type\":\"EntryPoint\",\"urlTemplate\":\"https:\\\/\\\/diariodequeimados.com.br\\\/?s={search_term_string}\"},\"query-input\":{\"@type\":\"PropertyValueSpecification\",\"valueRequired\":true,\"valueName\":\"search_term_string\"}}],\"inLanguage\":\"pt-BR\"},{\"@type\":\"Organization\",\"@id\":\"https:\\\/\\\/diariodequeimados.com.br\\\/#organization\",\"name\":\"Queimados Em Foco\",\"url\":\"https:\\\/\\\/diariodequeimados.com.br\\\/\",\"logo\":{\"@type\":\"ImageObject\",\"inLanguage\":\"pt-BR\",\"@id\":\"https:\\\/\\\/diariodequeimados.com.br\\\/#\\\/schema\\\/logo\\\/image\\\/\",\"url\":\"https:\\\/\\\/diariodequeimados.com.br\\\/wp-content\\\/uploads\\\/2026\\\/03\\\/logo-512.png\",\"contentUrl\":\"https:\\\/\\\/diariodequeimados.com.br\\\/wp-content\\\/uploads\\\/2026\\\/03\\\/logo-512.png\",\"width\":512,\"height\":512,\"caption\":\"Queimados Em Foco\"},\"image\":{\"@id\":\"https:\\\/\\\/diariodequeimados.com.br\\\/#\\\/schema\\\/logo\\\/image\\\/\"},\"sameAs\":[\"https:\\\/\\\/www.facebook.com\\\/diariodequeimados\"]}]}<\/script>\n<!-- \/ Yoast SEO plugin. -->","yoast_head_json":{"title":"Quatro finais de placa t\u00eam vencimento da terceira parcela essa semana - Di\u00e1rio de Queimados","robots":{"index":"index","follow":"follow","max-snippet":"max-snippet:-1","max-image-preview":"max-image-preview:large","max-video-preview":"max-video-preview:-1"},"canonical":"https:\/\/diariodequeimados.com.br\/?page_id=1283","og_locale":"pt_BR","og_type":"article","og_title":"Quatro finais de placa t\u00eam vencimento da terceira parcela essa semana - Di\u00e1rio de Queimados","og_description":"&hellip;","og_url":"https:\/\/diariodequeimados.com.br\/?page_id=1283","og_site_name":"Di\u00e1rio de Queimados","article_publisher":"https:\/\/www.facebook.com\/diariodequeimados","article_modified_time":"2026-04-05T16:11:19+00:00","og_image":[{"width":924,"height":616,"url":"https:\/\/diariodequeimados.com.br\/wp-content\/uploads\/2026\/04\/image_search_1775405437286.jpg","type":"image\/jpeg"}],"twitter_card":"summary_large_image","twitter_misc":{"Est. tempo de leitura":"3 minutos"},"schema":{"@context":"https:\/\/schema.org","@graph":[{"@type":"WebPage","@id":"https:\/\/diariodequeimados.com.br\/?page_id=1283","url":"https:\/\/diariodequeimados.com.br\/?page_id=1283","name":"Quatro finais de placa t\u00eam vencimento da terceira parcela essa semana - Di\u00e1rio de Queimados","isPartOf":{"@id":"https:\/\/diariodequeimados.com.br\/#website"},"primaryImageOfPage":{"@id":"https:\/\/diariodequeimados.com.br\/?page_id=1283#primaryimage"},"image":{"@id":"https:\/\/diariodequeimados.com.br\/?page_id=1283#primaryimage"},"thumbnailUrl":"https:\/\/diariodequeimados.com.br\/wp-content\/uploads\/2026\/04\/image_search_1775405437286.jpg","datePublished":"2026-04-05T16:11:18+00:00","dateModified":"2026-04-05T16:11:19+00:00","breadcrumb":{"@id":"https:\/\/diariodequeimados.com.br\/?page_id=1283#breadcrumb"},"inLanguage":"pt-BR","potentialAction":[{"@type":"ReadAction","target":["https:\/\/diariodequeimados.com.br\/?page_id=1283"]}]},{"@type":"ImageObject","inLanguage":"pt-BR","@id":"https:\/\/diariodequeimados.com.br\/?page_id=1283#primaryimage","url":"https:\/\/diariodequeimados.com.br\/wp-content\/uploads\/2026\/04\/image_search_1775405437286.jpg","contentUrl":"https:\/\/diariodequeimados.com.br\/wp-content\/uploads\/2026\/04\/image_search_1775405437286.jpg","width":924,"height":616},{"@type":"BreadcrumbList","@id":"https:\/\/diariodequeimados.com.br\/?page_id=1283#breadcrumb","itemListElement":[{"@type":"ListItem","position":1,"name":"In\u00edcio","item":"https:\/\/diariodequeimados.com.br\/"},{"@type":"ListItem","position":2,"name":"Quatro finais de placa t\u00eam vencimento da terceira parcela essa semana"}]},{"@type":"WebSite","@id":"https:\/\/diariodequeimados.com.br\/#website","url":"https:\/\/diariodequeimados.com.br\/","name":"Di\u00e1rio de Queimados","description":"Di\u00e1rio de Queimados Nas Redes Sociais","publisher":{"@id":"https:\/\/diariodequeimados.com.br\/#organization"},"potentialAction":[{"@type":"SearchAction","target":{"@type":"EntryPoint","urlTemplate":"https:\/\/diariodequeimados.com.br\/?s={search_term_string}"},"query-input":{"@type":"PropertyValueSpecification","valueRequired":true,"valueName":"search_term_string"}}],"inLanguage":"pt-BR"},{"@type":"Organization","@id":"https:\/\/diariodequeimados.com.br\/#organization","name":"Queimados Em Foco","url":"https:\/\/diariodequeimados.com.br\/","logo":{"@type":"ImageObject","inLanguage":"pt-BR","@id":"https:\/\/diariodequeimados.com.br\/#\/schema\/logo\/image\/","url":"https:\/\/diariodequeimados.com.br\/wp-content\/uploads\/2026\/03\/logo-512.png","contentUrl":"https:\/\/diariodequeimados.com.br\/wp-content\/uploads\/2026\/03\/logo-512.png","width":512,"height":512,"caption":"Queimados Em Foco"},"image":{"@id":"https:\/\/diariodequeimados.com.br\/#\/schema\/logo\/image\/"},"sameAs":["https:\/\/www.facebook.com\/diariodequeimados"]}]}},"_links":{"self":[{"href":"https:\/\/diariodequeimados.com.br\/index.php?rest_route=\/wp\/v2\/pages\/1283","targetHints":{"allow":["GET"]}}],"collection":[{"href":"https:\/\/diariodequeimados.com.br\/index.php?rest_route=\/wp\/v2\/pages"}],"about":[{"href":"https:\/\/diariodequeimados.com.br\/index.php?rest_route=\/wp\/v2\/types\/page"}],"author":[{"embeddable":true,"href":"https:\/\/diariodequeimados.com.br\/index.php?rest_route=\/wp\/v2\/users\/1"}],"replies":[{"embeddable":true,"href":"https:\/\/diariodequeimados.com.br\/index.php?rest_route=%2Fwp%2Fv2%2Fcomments&post=1283"}],"version-history":[{"count":1,"href":"https:\/\/diariodequeimados.com.br\/index.php?rest_route=\/wp\/v2\/pages\/1283\/revisions"}],"predecessor-version":[{"id":1286,"href":"https:\/\/diariodequeimados.com.br\/index.php?rest_route=\/wp\/v2\/pages\/1283\/revisions\/1286"}],"wp:featuredmedia":[{"embeddable":true,"href":"https:\/\/diariodequeimados.com.br\/index.php?rest_route=\/wp\/v2\/media\/1285"}],"wp:attachment":[{"href":"https:\/\/diariodequeimados.com.br\/index.php?rest_route=%2Fwp%2Fv2%2Fmedia&parent=1283"}],"curies":[{"name":"wp","href":"https:\/\/api.w.org\/{rel}","templated":true}]}}